le of 16?
False
Is 442470 a multiple of 6?
True
Is 1470 a factor of 5264070?
True
Is 405632 a multiple of 8?
True
Does 16 divide 1253920?
True
Does 18 divide 7668?
True
Is 23067513 a multiple of 1139?
False
Is 21 a factor of 2540958?
True
Does 144 divide 21189247?
False
Is 4713792 a multiple of 175?
False
Is 66 a factor of 824586?
False
Is 12160 a multiple of 40?
True
Does 68 divide 1019728?
True
Is 529 a factor of 1129385?
False
Is 5 a factor of 313947?
False
Does 7 divide 1034154?
False
Does 35 divide 15755?
False
Does 45 divide 618053?
False
Is 1628549 a multiple of 18?
False
Is 70 a factor of 305690?
True
Is 21525 a multiple of 5?
True
Is 1980242 a multiple of 6?
False
Does 5 divide 1632135?
True
Is 1890 a multiple of 3?
True
Is 52827 a multiple of 10?
False
Does 2 divide 1082109?
False
Is 20 a factor of 8105200?
True
Is 12747127 a multiple of 38?
False
Is 18360 a multiple of 120?
True
Does 64 divide 242832?
False
Is 470745 a multiple of 55?
True
Is 30 a factor of 2669955?
False
Is 202956 a multiple of 13?
True
Is 7 a factor of 3217598?
False
Does 5 divide 74610?
True
Does 82 divide 1228511?
False
Is 641103 a multiple of 29?
True
Is 5631780 a multiple of 60?
True
Is 122 a factor of 675026?
True
Is 26 a factor of 245523?
False
Is 10 a factor of 105440?
True
Does 22 divide 1153604?
False
Is 54120 a multiple of 11?
True
Is 44 a factor of 141804?
False
Is 352 a factor of 250217?
False
Is 184 a factor of 2149826?
False
Does 47 divide 260356?
False
Does 646 divide 1231530?
False
Does 22 divide 53878?
True
Is 6805790 a multiple of 10?
True
Does 11 divide 7786969?
False
Is 36560 a multiple of 3?
False
Is 270276 a multiple of 4?
True
Does 9 divide 1454409?
True
Does 167 divide 4223715?
False
Does 12 divide 358980?
True
Is 174 a factor of 58317?
False
Is 74178 a multiple of 78?
True
Does 39 divide 150628?
False
Is 119 a factor of 1517369?
True
Is 181374 a multiple of 19?
True
Is 175887 a multiple of 5?
False
Is 87717 a multiple of 7?
True
Does 594 divide 1688362?
False
Is 800771 a multiple of 3?
False
Is 210579 a multiple of 17?
True
Is 1667145 a multiple of 186?
False
Is 14 a factor of 233296?
True
Is 1465829 a multiple of 35?
False
Does 163 divide 116871?
True
Is 10 a factor of 379888?
False
Is 216 a factor of 758160?
True
Is 510521 a multiple of 11?
True
Does 53 divide 133189?
True
Is 1909160 a multiple of 440?
True
Is 6 a factor of 51127?
False
Is 225 a factor of 435825?
True
Does 5 divide 6342542?
False
Is 581450 a multiple of 725?
True
Does 7 divide 67385?
False
Is 795275 a multiple of 17?
False
Is 3421 a multiple of 121?
False
Is 931774 a multiple of 65?
False
Is 1369561 a multiple of 466?
False
Is 330452 a multiple of 19?
False
Is 138832 a multiple of 48?
False
Is 31 a factor of 431535?
False
Is 157 a factor of 163123?
True
Is 20 a factor of 1311764?
False
Does 116 divide 745472?
False
Does 160 divide 7341120?
True
Is 4 a factor of 54957?
False
Is 193200 a multiple of 276?
True
Does 18 divide 64620?
True
Is 29961 a multiple of 15?
False
Is 11812255 a multiple of 2007?
False
Does 1337 divide 366338?
True
Is 224 a factor of 76608?
True
Is 71656 a multiple of 100?
False
Is 5 a factor of 327110?
True
Does 116 divide 180946?
False
Does 58 divide 2652082?
False
Does 609 divide 2800510?
False
Does 18 divide 130435?
False
Is 201860 a multiple of 20?
True
Does 30 divide 1744467?
False
Is 178 a factor of 12460?
True
Does 94 divide 669186?
True
Does 24 divide 111897?
False
Is 674 a factor of 2480102?
False
Is 4061036 a multiple of 14?
True
Does 30 divide 171256?
False
Is 10578 a multiple of 41?
True
Is 3621704 a multiple of 302?
False
Is 75 a factor of 312462?
False
Is 142 a factor of 183790?
False
Is 1511172 a multiple of 12?
True
Is 559725 a multiple of 15?
True
Does 33 divide 13497629?
False
Is 157 a factor of 35022?
False
Is 5004870 a multiple of 30?
True
Is 17914 a multiple of 6?
False
Is 1541736 a multiple of 138?
True
Is 3301533 a multiple of 9?
True
Does 6 divide 31157?
False
Does 172 divide 3215024?
True
Is 16862244 a multiple of 12?
True
Does 14 divide 800137?
False
Is 47769 a multiple of 17?
False
Does 34 divide 339456?
True
Is 96 a factor of 115968?
True
Is 316950 a multiple of 570?
False
Is 13 a factor of 109850?
True
Does 83 divide 583401?
False
Does 8 divide 9488?
True
Is 546102 a multiple of 54?
True
Is 1250535 a multiple of 195?
True
Does 94 divide 310576?
True
Is 233800 a multiple of 8?
True
Does 132 divide 30942?
False
Does 529 divide 7906691?
False
Is 40 a factor of 104492?
False
Is 1417639 a multiple of 4?
False
Is 5968560 a multiple of 208?
True
Is 491 a factor of 1487189?
False
Is 703116 a multiple of 75?
False
Is 33301865 a multiple of 215?
False
Is 397 a factor of 207631?
True
Is 102713 a multiple of 13?
True
Is 11 a factor of 6165?
False
Is 55053 a multiple of 165?
False
Is 295 a factor of 322973?
False
Is 65 a factor of 18049525?
True
Is 238 a factor of 2153186?
True
Is 2995744 a multiple of 1046?
True
Is 532 a factor of 1554101?
False
Is 139018 a multiple of 24?
False
Is 911 a factor of 4165092?
True
Is 320 a factor of 3845895?
False
Is 127765 a multiple of 10?
False
Is 1185 a factor of 1960770?
False
Is 8 a factor of 1873293?
False
Is 873243 a multiple of 21?
True
Does 17 divide 294049?
True
Is 410 a factor of 804010?
True
Does 305 divide 1511580?
True
Does 915 divide 1619402?
False
Does 26 divide 484886?
False
Is 31428 even?
True
Is 105 a factor of 259035?
True
Is 15280 a multiple of 6?
False
Is 453080 a multiple of 20?
True
Does 4 divide 68219?
False
Is 12 a factor of 2423143?
False
Does 12 divide 123852?
True
Does 195 divide 8208082?
False
Does 962 divide 1041846?
True
Is 4578820 a multiple of 1790?
True
Is 406747 a multiple of 513?
False
Is 760 a factor of 2261760?
True
Is 43 a factor of 403626?
False
Does 8 divide 4962261?
False
Is 9167652 a multiple of 57?
True
Is 51 a factor of 1137045?
True
Does 85 divide 28815?
True
Is 248 a factor of 90782?
False
Does 29 divide 26290?
False
Does 213 divide 1790691?
True
Is 2436471 a multiple of 5?
False
Does 53 divide 75578?
True
Is 12 a factor of 281299?
False
Does 26 divide 609466?
True
Is 335664 a multiple of 24?
True
Is 578 a factor of 109242?
True
Is 11201400 a multiple of 840?
True
Is 2 a factor of 4034375?
False
Is 336417 a multiple of 3?
True
Is 36225 a multiple of 345?
True
Is 1799906 a multiple of 274?
True
Is 7 a factor of 1127894?
False
Does 21 divide 585228?
True
Is 12 a factor of 81246?
False
Is 3 a factor of 355285?
False
Is 23 a factor of 1206143?
True
Is 515632 a multiple of 481?
True
Does 496 divide 608096?
True
Does 24 divide 358200?
True
Is 9 a factor of 209057?
False
Does 272 divide 894880?
True
Does 8 divide 5618288?
True
Is 538 a factor of 163610?
False
Is 18825 a multiple of 15?
True
Is 84953 a multiple of 11?
True
Does 728 divide 792846?
False
Is 2467163 even?
False
Is 113200 a multiple of 16?
True
Does 84 divide 1344168?
True
Is 9539075 a multiple of 474?
False
Is 37275 a multiple of 56?
False
Does 92 divide 900993?
False
Does 11 divide 338557?
False
Does 12 divide 1232436?
True
Is 47460 a multiple of 40?
False
Does 13 divide 430597?
False
Is 27 a factor of 74891?
False
Is 272 a factor of 3022166?
False
Does 427 divide 705831?
True
Does 250 divide 1386000?
True
Is 899232 a multiple of 696?
True
Is 1228368 a multiple of 942?
True
Is 568 a factor of 7263035?
False
Does 524 divide 4354608?
False
Does 103 divide 207030?
True
Does 14 divide 152184?
False
Is 37 a factor of 108403?
False
Is 57724 a multiple of 4?
True
Is 786 a factor of 839424?
False
Is 28 a factor of 192052?
True
Is 50133 a multiple of 51?
True
Does 514 divide 193778?
True
Does 18 divide 2083122?
True
Is 28 a factor of 3538584?
True
Does 3 divide 2266072?
False
Is 45 a factor of 153180?
True
Does 2926 divide 33526108?
True
Is 38 a factor of 32034?
True
Is 3 a factor of 264999?
True
Does 18 divide 524191?
False
Is 177274 a multiple of 150?
False
Does 21 divide 783503?
False
Is 5 a factor of 3397195?
True
Is 16 a factor of 3631144?
False
Is 57 a factor of 35915?
False
Is 13989771 a multiple of 46?
False
Is 522 a factor of 8823339?
False
Is 138273 a multiple of 12?
False
Does 2 divide 4340?
True
Is 60 a factor of 462180?
True
Is 174400 a multiple of 436?
True
Is 9031870 a multiple of 10?
True